actor of 14327390?
True
Is 664170 a multiple of 6?
True
Does 94 divide 186590?
True
Is 166546 a multiple of 294?
False
Is 72 a factor of 1155168?
True
Is 22 a factor of 1847076?
True
Is 5742 a multiple of 99?
True
Does 3 divide 213110?
False
Is 180 a factor of 2327082?
False
Is 43218 even?
True
Is 40 a factor of 194370?
False
Is 15 a factor of 1412880?
True
Is 34 a factor of 44217?
False
Does 56 divide 2380840?
True
Does 22 divide 7815646?
False
Does 47 divide 6532213?
False
Is 3505398 a multiple of 39?
True
Does 3 divide 32856?
True
Is 23 a factor of 10487057?
True
Is 68 a factor of 972536?
True
Does 31 divide 609038?
False
Does 64 divide 13826658?
False
Does 362 divide 209960?
True
Does 30 divide 3394440?
True
Is 204731 a multiple of 95?
False
Is 49 a factor of 2019050?
False
Does 46 divide 646605?
False
Is 3932313 a multiple of 29?
True
Does 560 divide 6554240?
True
Does 1171 divide 15154963?
False
Does 125 divide 218035?
False
Is 74777 a multiple of 4?
False
Does 9 divide 182881?
False
Does 22 divide 231242?
True
Does 40 divide 95872?
False
Does 16 divide 221504?
True
Is 31 a factor of 1017054?
False
Is 5 a factor of 1383298?
False
Does 13 divide 2682186?
True
Is 197615 a multiple of 36?
False
Does 188 divide 28388?
True
Does 2 divide 908261?
False
Does 33 divide 887700?
True
Does 819 divide 17407026?
True
Is 11 a factor of 433517?
False
Is 235174 a multiple of 13?
False
Does 4 divide 551993?
False
Is 57532 a multiple of 19?
True
Is 236 a factor of 106672?
True
Does 195 divide 450840?
True
Does 124 divide 221464?
True
Is 673 a factor of 3616702?
True
Is 262461 a multiple of 505?
False
Is 729 a factor of 134865?
True
Does 28 divide 453757?
False
Is 276102 a multiple of 27?
True
Is 45664 a multiple of 4?
True
Is 149 a factor of 637684?
False
Is 50 a factor of 143013?
False
Is 20 a factor of 254958?
False
Is 3549730 a multiple of 91?
False
Does 13 divide 4244110?
True
Is 866 a factor of 5882738?
True
Is 29 a factor of 4070875?
True
Is 80 a factor of 124521?
False
Does 2421 divide 18163911?
False
Is 283740 a multiple of 17?
False
Does 66 divide 186780?
True
Does 94 divide 113646?
True
Is 253340 a multiple of 5?
True
Is 1487152 a multiple of 328?
True
Is 3824355 a multiple of 42?
False
Is 37 a factor of 3877380?
False
Is 13109016 a multiple of 824?
True
Does 5 divide 49345?
True
Does 48 divide 821425?
False
Is 6205654 a multiple of 637?
True
Does 384 divide 7760640?
True
Is 103 a factor of 57602?
False
Is 44 a factor of 8409993?
False
Is 506657 a multiple of 520?
False
Is 5573484 a multiple of 34?
True
Does 51 divide 19941?
True
Is 240 a factor of 4653982?
False
Does 175 divide 138075?
True
Does 11 divide 248765?
True
Is 368 a factor of 662633?
False
Is 398 a factor of 3152534?
False
Is 1380808 a multiple of 13?
True
Is 948058 a multiple of 7?
False
Is 6046834 a multiple of 858?
False
Is 6635 a multiple of 2?
False
Is 1024292 a multiple of 43?
False
Does 50 divide 10029200?
True
Is 62 a factor of 10599148?
True
Is 34 a factor of 6684468?
True
Is 2088603 a multiple of 561?
True
Is 87 a factor of 804837?
True
Is 35 a factor of 101591?
False
Does 28 divide 458619?
False
Does 52 divide 2288059?
False
Is 645280 a multiple of 370?
True
Does 652 divide 3542968?
True
Does 7 divide 6770036?
True
Is 186852 a multiple of 92?
True
Does 24 divide 38784?
True
Is 97 a factor of 1087952?
True
Is 379310 a multiple of 83?
True
Is 1760880 a multiple of 667?
True
Does 95 divide 10613041?
False
Is 354 a factor of 789764?
False
Is 9 a factor of 65097?
True
Does 40 divide 19400?
True
Is 39 a factor of 34226?
False
Does 32 divide 105964?
False
Is 249 a factor of 482512?
False
Is 5 a factor of 71802?
False
Is 76 a factor of 677728?
False
Is 12 a factor of 303408?
True
Does 23 divide 1930863?
False
Is 1297596 a multiple of 284?
True
Is 126 a factor of 6336036?
True
Is 20 a factor of 494585?
False
Is 131903 a multiple of 17?
True
Is 301476 a multiple of 12?
True
Is 21 a factor of 19404?
True
Is 145 a factor of 900305?
True
Does 35 divide 5515300?
True
Is 399 a factor of 179450?
False
Does 797 divide 448705?
False
Is 143 a factor of 39897?
True
Is 402 a factor of 3540146?
False
Is 34 a factor of 296480?
True
Does 286 divide 4191492?
False
Does 5 divide 1154985?
True
Is 2195128 a multiple of 104?
True
Does 36 divide 285561?
False
Is 561600 a multiple of 960?
True
Is 1708237 a multiple of 69?
False
Is 9 a factor of 7002743?
False
Does 1325 divide 2302568?
False
Is 13147280 a multiple of 20?
True
Is 345 a factor of 384330?
True
Is 2007 a factor of 14347977?
False
Does 180 divide 165960?
True
Is 76912 a multiple of 20?
False
Is 117 a factor of 222417?
True
Does 16 divide 10832?
True
Is 77 a factor of 51337?
False
Is 544 a factor of 1647235?
False
Is 91 a factor of 9615806?
False
Does 222 divide 257298?
True
Does 239 divide 387129?
False
Is 3657 a multiple of 69?
True
Does 1114 divide 970793?
False
Is 136732 a multiple of 80?
False
Does 6 divide 377670?
True
Is 46 a factor of 12052?
True
Is 475800 a multiple of 156?
True
Is 28 a factor of 798902?
False
Does 11 divide 219630?
False
Is 46 a factor of 51161?
False
Is 5 a factor of 2085371?
False
Does 76 divide 472644?
True
Is 880932 a multiple of 6?
True
Does 10 divide 496232?
False
Is 523 a factor of 2121671?
False
Is 207480 a multiple of 190?
True
Is 186802 a multiple of 77?
True
Is 53067 a multiple of 13?
False
Is 2 a factor of 29915?
False
Is 137169 a multiple of 4?
False
Is 118 a factor of 1382833?
False
Does 98 divide 478730?
True
Is 5444717 a multiple of 65?
False
Does 67 divide 318518?
True
Is 269 a factor of 830134?
True
Is 95 a factor of 653842?
False
Is 6556 a multiple of 6?
False
Is 92690 a multiple of 130?
True
Is 312 a factor of 4544904?
True
Does 8 divide 245611?
False
Is 306 a factor of 603460?
False
Does 221 divide 3459280?
False
Does 70 divide 101865?
False
Is 7 a factor of 244769?
True
Does 176 divide 397936?
True
Is 43527 a multiple of 11?
True
Is 6765 a multiple of 33?
True
Is 53760 a multiple of 70?
True
Is 355132 a multiple of 280?
False
Does 101 divide 1501264?
True
Is 267 a factor of 2418753?
True
Does 4 divide 12671?
False
Does 23 divide 82915?
True
Is 105 a factor of 30228?
False
Does 27 divide 625752?
True
Is 224029 a multiple of 10?
False
Does 8 divide 431040?
True
Is 355 a factor of 127445?
True
Does 662 divide 5330424?
True
Is 8 a factor of 5008389?
False
Does 15 divide 321620?
False
Is 19 a factor of 3353310?
True
Is 320 a factor of 11908160?
True
Does 260 divide 124036?
False
Does 131 divide 646665?
False
Is 15 a factor of 52230?
True
Does 7 divide 1241297?
False
Is 24 a factor of 6848112?
True
Is 26 a factor of 336214?
False
Is 155 a factor of 171094?
False
Does 208 divide 130544?
False
Does 6 divide 2199715?
False
Is 28791305 a multiple of 91?
False
Does 83 divide 232815?
True
Is 12 a factor of 53964?
True
Does 454 divide 61723?
False
Is 866 a factor of 568096?
True
Is 47566 a multiple of 3?
False
Is 14 a factor of 2544623?
False
Is 5886 a multiple of 6?
True
Is 146 a factor of 971046?
True
Is 47 a factor of 10526379?
False
Is 198186 a multiple of 201?
True
Is 9 a factor of 13990929?
False
Is 76 a factor of 130112?
True
Does 26 divide 7415583?
False
Is 1427285 a multiple of 453?
False
Is 102 a factor of 692130?
False
Does 28 divide 182010?
False
Does 6 divide 80952?
True
Is 75 a factor of 15134?
False
Does 25 divide 900300?
True
Is 438096 a multiple of 447?
False
Does 12 divide 285766?
False
Does 82 divide 210494?
True
Is 106 a factor of 5398001?
False
Is 28527 a multiple of 3?
True
Is 21 a factor of 80436?
False
Is 72 a factor of 1023013?
False
Is 727243 a multiple of 17?
True
Is 179129 a multiple of 17?
True
Is 76 a factor of 598196?
True
Is 590821 a multiple of 11?
True
Does 195 divide 995242?
False
Is 97 a factor of 1125103?
True
Is 88470 a multiple of 13?
False
Is 405646 a multiple of 16?
False
Does 28 divide 277736?
False
Does 159 divide 119886?
True
Is 58 a factor of 2719852?
True
Is 12 a factor of 77940?
True
Does 1328 divide 1508608?
True
Is 10 a factor of 2728940?
True
Is 1579286 a multiple of 227?
False
Is 19 a factor of 148667?
False
Is 118 a factor of 68558?
True
Is 279 a factor of 444528?
False
Does 13 divide 663818?
False
Does 59 divide 1268692?
False
Is 5 a factor of 13552?
